{"id":10,"date":"2016-02-01T11:44:40","date_gmt":"2016-02-01T11:44:40","guid":{"rendered":"http:\/\/scientastic.org\/?page_id=10"},"modified":"2025-06-24T00:38:32","modified_gmt":"2025-06-23T22:38:32","slug":"animations-et-ateliers-scolaires","status":"publish","type":"page","link":"https:\/\/scientastic.org\/?page_id=10","title":{"rendered":"Animations et Ateliers Scolaires"},"content":{"rendered":"<p>N&#8217;ayant plus de lieu d&#8217;exposition, Scientastic se d\u00e9place dans les \u00e9coles pour ses ateliers et animations scientifiques. \u00a0Les programmes d&#8217;ateliers sont \u00e9videmment adapt\u00e9s aux \u00e2ges des \u00e9l\u00e8ves et tiennent compte des projets p\u00e9dagogiques des enseignants.<\/p>\n<p><span style=\"line-height: 1.5;\">Le prix de ces ateliers est de 6 Euros par \u00e9l\u00e8ve avec un minimum 250 Euros par prestation journali\u00e8re.\u00a0 S&#8217;il n&#8217;est pas possible de disposer d&#8217;un espace de stationnement mis \u00e0 disposition du Scientastic pour transporter le mat\u00e9riel, les frais de stationnement r\u00e9els sont ajout\u00e9s.<\/span><\/p>\n\n\n<p><\/p>\n\n\n\n<p>Scientastic ne re\u00e7oit pas de subventions permettant d&#8217;offrir les ateliers scolaires gratuitement ou a pris r\u00e9duits mais gardons les prix le plus bas possible.<\/p>\n\n\n\n<p>Nous misons sur le fait que les \u00e9coles peuvent demander des subventions pour leurs projets d&#8217;\u00e9ducation aux sciences. En R\u00e9gion Bruxelloise par exemple, Innoviris propose les &#8220;Science Vouchers&#8221; https:\/\/innoviris.brussels\/science-vouchers<\/p>\n\n\n\n<p>Pour r\u00e9server, merci de nous envoyer un mail \u00e0 info@scientastic.be avec en copie Baudouin.Hubert@gmail.com<\/p>\n\n\n\n<p>Les th\u00e8mes sont:<\/p>\n\n\n\n<p><strong>&#8220;Voitures autonomes&#8221; 6-15 ans<\/strong><\/p>\n\n\n\n<p>Les \u00e9l\u00e8ves seront amen\u00e9s \u00e0 se poser des questions sur les robots, leur potentiel et leur place dans la soci\u00e9t\u00e9 et \u00e0 d\u00e9couvrir comment les utiliser. Pour ce faire, les \u00e9l\u00e8ves sont invit\u00e9s, \u00e0 programmer un petit v\u00e9hicule robotique, Thymio. Les \u00e9l\u00e8ves disposeront d&#8217;un robot par deux ou quatre (deux si une salle informatique est disponible, quatre si nous apportons tout le mat\u00e9riel n\u00e9cessaire). Ce robot est tr\u00e8s sympathique. Ils pourront<span class=\"s1\">, entre autres, le faire changer de couleur quand ils le caressent, le faire passer entre des obstacles, et le programmer pour que Thymio les suive comme un petit chien suit son ma\u00eetre.&nbsp;<\/span><\/p>\n\n\n\n<p>Dur\u00e9e: +\/- 1h30<\/p>\n\n\n\n<figure class=\"wp-block-image\"><a href=\"http:\/\/scientastic.org\/wp-content\/uploads\/2016\/11\/DSCF0301.jpg\"><img loading=\"lazy\" decoding=\"async\" width=\"246\" height=\"300\" src=\"http:\/\/scientastic.org\/wp-content\/uploads\/2016\/11\/DSCF0301-246x300.jpg\" alt=\"\" class=\"wp-image-188\" srcset=\"https:\/\/scientastic.org\/wp-content\/uploads\/2016\/11\/DSCF0301-246x300.jpg 246w, https:\/\/scientastic.org\/wp-content\/uploads\/2016\/11\/DSCF0301-768x935.jpg 768w, https:\/\/scientastic.org\/wp-content\/uploads\/2016\/11\/DSCF0301-841x1024.jpg 841w\" sizes=\"auto, (max-width: 246px) 100vw, 246px\" \/><\/a><\/figure>\n\n\n\n<p><strong><span style=\"line-height: 1.5;\">&#8220;5 sens \u00e0 plein sens!&#8221; 3-9 ans<\/span><\/strong><\/p>\n\n\n\n<p>Les \u00e9l\u00e8ves d\u00e9couvrent leurs sens gr\u00e2ce aux exp\u00e9riences apport\u00e9es par l&#8217;animateur pour d\u00e9couvrir le son, la lumi\u00e8re, le go\u00fbt, le toucher, et l&#8217;odorat. &nbsp;Exemple d&#8217;activit\u00e9: la toupie formant du blanc \u00e0 partir de toutes les couleurs, le diapason, la planchette de Fakir, les lunettes qui font voir de travers&#8230;<\/p>\n\n\n\n<p>Cet atelier peut se d\u00e9rouler en une session mais, id\u00e9alement, en deux, voir trois sessions. Contactez nous pour plus de d\u00e9tails.<\/p>\n\n\n\n<p>Dur\u00e9e: +\/- 1h30<\/p>\n\n\n\n<p><strong>&#8220;Touchons les sons!&#8221; 4-14 ans<\/strong><\/p>\n\n\n\n<p>Comment entend-t-on ? Qu\u2019est-ce qu\u2019un son ? Quand est-il fort,&nbsp;faible, aigu ou grave ? Voil\u00e0 des questions qui ne manqueront pas de&nbsp;susciter l\u2019int\u00e9r\u00eat des enfants.&nbsp;Les \u00e9l\u00e8ves seront amen\u00e9s \u00e0 tenter d\u2019y r\u00e9pondre et d\u00e9couvrir la&nbsp;nature du son, son amplitude et sa fr\u00e9quence en r\u00e9alisant quelques exp\u00e9riences concr\u00e8tes, amusantes et \u00e9tonnantes. Exemple d&#8217;activit\u00e9: le diapason, les cuill\u00e8res qui sonnent comme &#8220;des cloches&#8221;, le tube musical&#8230;<\/p>\n\n\n\n<p>Dur\u00e9e: une session de +\/- 1h00<\/p>\n\n\n\n<div class=\"wp-block-image\"><figure class=\"alignright\"><a href=\"http:\/\/scientastic.org\/wp-content\/uploads\/2016\/04\/108007093_112142.jpg\" rel=\"attachment wp-att-88\"><img loading=\"lazy\" decoding=\"async\" width=\"300\" height=\"200\" src=\"http:\/\/scientastic.org\/wp-content\/uploads\/2016\/04\/108007093_112142-300x200.jpg\" alt=\"108007093_112142\" class=\"wp-image-88\" srcset=\"https:\/\/scientastic.org\/wp-content\/uploads\/2016\/04\/108007093_112142-300x200.jpg 300w, https:\/\/scientastic.org\/wp-content\/uploads\/2016\/04\/108007093_112142.jpg 630w\" sizes=\"auto, (max-width: 300px) 100vw, 300px\" \/><\/a><\/figure><\/div>\n\n\n\n<p><strong><span style=\"line-height: 1.5;\">&#8220;Touchons l&#8217;arc-en-ciel!&#8221; 6-14 ans<\/span><\/strong><\/p>\n\n\n\n<p>Quoi de plus incroyable que d\u00e9couvrir ce que contient la lumi\u00e8re du soleil!&nbsp;Les \u00e9l\u00e8ves seront amen\u00e9s \u00e0 se poser des questions sur la lumi\u00e8re blanche et \u00e0 tenter d\u2019y r\u00e9pondre en r\u00e9alisant, quelques exp\u00e9riences concr\u00e8tes, amusantes et \u00e9tonnantes. Exemple d&#8217;activit\u00e9: la toupie formant du blanc \u00e0 partir de toutes les couleurs, la d\u00e9composition de la lumi\u00e8re blanche \u00e0 travers un prisme&#8230;<\/p>\n\n\n\n<p>Dur\u00e9e: +\/- 1h00<\/p>\n\n\n\n<p><strong><span style=\"line-height: 1.5;\">&#8220;Jouons avec les reflets!&#8221; 5-14 ans<\/span><\/strong><\/p>\n\n\n\n<p>Quoi de plus rigolo que jouer avec les reflets! &nbsp;Les \u00e9l\u00e8ves seront amen\u00e9s \u00e0 se poser des questions sur les reflets et leurs propri\u00e9t\u00e9s et \u00e0 tenter d\u2019y r\u00e9pondre en r\u00e9alisant, par groupes de 2, quelques exp\u00e9riences concr\u00e8tes, amusantes et \u00e9tonnantes.<\/p>\n\n\n\n<p>Dur\u00e9e: +\/- 1h00<\/p>\n\n\n\n<p><strong style=\"line-height: 1.5;\"><span style=\"line-height: 1.5;\">&#8220;A la d\u00e9couverte des myst\u00e8res du magn\u00e9tisme!&#8221; &nbsp;4-14 ans<\/span><\/strong><\/p>\n\n\n\n<div class=\"wp-block-image\"><figure class=\"alignleft\"><a href=\"http:\/\/scientastic.org\/wp-content\/uploads\/2016\/04\/magnet.gif\" rel=\"attachment wp-att-87\"><img loading=\"lazy\" decoding=\"async\" width=\"94\" height=\"99\" src=\"http:\/\/scientastic.org\/wp-content\/uploads\/2016\/04\/magnet.gif\" alt=\"magnet\" class=\"wp-image-87\"\/><\/a><\/figure><\/div>\n\n\n\n<p>Parmi toutes les forces de la nature, celle des aimants est certainement une des plus magique et intrigante.&nbsp;Les \u00e9l\u00e8ves seront amen\u00e9s \u00e0 se poser des questions sur le magn\u00e9tisme et ses propri\u00e9t\u00e9s et \u00e0 tenter d\u2019y r\u00e9pondre en r\u00e9alisant quelques exp\u00e9riences concr\u00e8tes, amusantes et \u00e9tonnantes. Exemple d&#8217;activit\u00e9: observer les effets de deux aimants l&#8217;un sur l&#8217;autre, observer les champs magn\u00e9tiques gr\u00e2ce \u00e0 la limaille de fer&#8230;<\/p>\n\n\n\n<p>Dur\u00e9e: +\/- 1h00<\/p>\n\n\n\n<p><strong>&#8220;Je n&#8217;en crois pas mes yeux&#8221; 6-15 ans<\/strong><\/p>\n\n\n\n<p>L&#8217;atelier sur les illusions est certainement un des plus surprenants. Les \u00e9l\u00e8ves d\u00e9couvriront le fonctionnement de la perception visuelle de mani\u00e8re ludique et interactive. Que cache ces t\u00e2ches? Combien de personnes y-a-t-il dans cette image? Les z\u00e8bres ont-ils des lignes noires sur une peau blanche ou l&#8217;inverse? &#8230;Au-del\u00e0 des principes que ces illusions nous enseignent sur la perception visuelle, les \u00e9l\u00e8ves seront amen\u00e9s \u00e0 s&#8217;interroger sur la diff\u00e9rence entre r\u00e9alit\u00e9 et perception et sur la relativit\u00e9 de cette derni\u00e8re.<\/p>\n\n\n\n<p>NB: cet atelier a \u00e9t\u00e9 con\u00e7u en compl\u00e9ment aux ateliers sur les 5 sens et l&#8217;arc-en-ciel qui traitent respectivement de la vue et de la lumi\u00e8re mais ne n\u00e9cessite pas de pr\u00e9-requis.<\/p>\n\n\n\n<p>Dur\u00e9e: +\/- 1h00<\/p>\n","protected":false},"excerpt":{"rendered":"<p>N&#8217;ayant plus de lieu d&#8217;exposition, Scientastic se d\u00e9place dans les \u00e9coles pour ses ateliers et animations scientifiques. \u00a0Les programmes d&#8217;ateliers sont \u00e9videmment adapt\u00e9s aux \u00e2ges des \u00e9l\u00e8ves et tiennent compte des projets p\u00e9dagogiques des enseignants. Le prix de ces ateliers est de 6 Euros par \u00e9l\u00e8ve avec un minimum 250 Euros par prestation journali\u00e8re.\u00a0 S&#8217;il &hellip; <a href=\"https:\/\/scientastic.org\/?page_id=10\" class=\"more-link\">Continue reading <span class=\"screen-reader-text\">Animations et Ateliers Scolaires<\/span> <span class=\"meta-nav\">&rarr;<\/span><\/a><\/p>\n","protected":false},"author":1,"featured_media":0,"parent":0,"menu_order":0,"comment_status":"closed","ping_status":"closed","template":"","meta":{"footnotes":""},"class_list":["post-10","page","type-page","status-publish","hentry"],"_links":{"self":[{"href":"https:\/\/scientastic.org\/index.php?rest_route=\/wp\/v2\/pages\/10","targetHints":{"allow":["GET"]}}],"collection":[{"href":"https:\/\/scientastic.org\/index.php?rest_route=\/wp\/v2\/pages"}],"about":[{"href":"https:\/\/scientastic.org\/index.php?rest_route=\/wp\/v2\/types\/page"}],"author":[{"embeddable":true,"href":"https:\/\/scientastic.org\/index.php?rest_route=\/wp\/v2\/users\/1"}],"replies":[{"embeddable":true,"href":"https:\/\/scientastic.org\/index.php?rest_route=%2Fwp%2Fv2%2Fcomments&post=10"}],"version-history":[{"count":45,"href":"https:\/\/scientastic.org\/index.php?rest_route=\/wp\/v2\/pages\/10\/revisions"}],"predecessor-version":[{"id":540,"href":"https:\/\/scientastic.org\/index.php?rest_route=\/wp\/v2\/pages\/10\/revisions\/540"}],"wp:attachment":[{"href":"https:\/\/scientastic.org\/index.php?rest_route=%2Fwp%2Fv2%2Fmedia&parent=10"}],"curies":[{"name":"wp","href":"https:\/\/api.w.org\/{rel}","templated":true}]}}